 5*x + 7. Suppose 0 = 5*m + 2*k - 65, -4*m = 6*k - d*k - 50. List the prime factors of m.
3, 5
Suppose -p - 3*p + 172 = 0. What are the prime factors of p?
43
Let w(g) = g**3 + 4*g**2 + 2*g - 2. Let r be w(-3). Let t(f) = 18*f**3 + 2*f**2 - 1. List the prime factors of t(r).
19
Let p be 1/2*2*3. Suppose 0 = -p*c - 2*c + 135. Suppose 0 = 5*x - c - 33. What are the prime factors of x?
2, 3
Suppose -305 = -5*v - 90. What are the prime factors of v?
43
Let o(u) = u**2 - u - 4. Let p be o(3). Let m = p - 2. What are the prime factors of (1 + m + 1)*10?
2, 5
Let s(h) = 6*h**3 - 2*h**2 - 10*h + 8. What are the prime factors of s(3)?
2, 61
Let j = 14 - 6. Suppose -j = -3*c + 58. List the prime factors of c.
2, 11
Let c(i) = i + 8. Let f be c(-6). Suppose -f*k + 3*d = -52, 0 = 4*k + d - 24 - 80. What are the prime factors of k?
2, 13
Let q be 3/6 - (-1)/2. Suppose q + 4 = r. Suppose 2*c = -5*k + k + 16, -15 = -5*k - r*c. List the prime factors of k.
5
Let t = 1 - 3. Suppose -5*x - 16 = -3*u - u, -4*x - 11 = -5*u. Let q = t - x. List the prime factors of q.
2
Suppose y = 3*y - 6. Suppose y*h - h = 6. List the prime factors of h.
3
Let u be 1/((2/(-4))/(-1)). Suppose -u*g - g + 12 = 0. Suppose -10 = -5*d, 50 = 5*z - g*d - d. What are the prime factors of z?
2, 3
What are the prime factors of 2/(-8) + (-138)/(-8)?
17
Suppose 0*c - 2*c + 8 = 0. Suppose -3*o - c = -1, -2*f - 2*o + 32 = 0. List the prime factors of f.
17
Suppose -7*m = -4*i - 3*m + 48, -3*m = 3*i - 30. Let f = 10 - i. What are the prime factors of f*(0 - -2)*-7?
2, 7
Let g = -77 - -118. What are the prime factors of g?
41
Let t = -123 - -184. List the prime factors of t.
61
Let y(q) = -q**2 - 24*q - 6. List the prime factors of y(-17).
113
Let n = 18 - 13. Suppose n*a = a. Suppose a = 2*s - 6*s + 16. What are the prime factors of s?
2
Suppose -t = p - 3*t - 7, p - 9 = 3*t. Suppose p*y - 15 = 0, -4*y = 4*s - 3*y - 37. What are the prime factors of s?
2
Let z = -2 - -1. Suppose -4*j + 27 - 19 = 0. What are the prime factors of (j + -1)/(z/(-2))?
2
Suppose 0 = -t - 4*t + 10. List the prime factors of (-2 + -4)*t/(-2).
2, 3
Let f(x) = 5*x**3 + 6*x**2 - 2*x + 3. Let n be f(4). Let w be n/15 - (-4)/(-10). What are the prime factors of 492/w - 4/18?
2, 3
Suppose 2*s = -4*z + 12, -s - 3*z = z + 2. What are the prime factors of s?
2, 7
Let n(x) = 5*x + 1. Suppose 0*q + 13 = -5*p + q, 3*q = -p + 7. Let f be n(p). List the prime factors of f/(-2) + (-3)/(-6).
5
Let c = -6 - -6. Suppose c = -i + 3*i - 10. List the prime factors of i.
5
Let a(g) = 31*g**2 - g + 1. What are the prime factors of a(1)?
31
Let p be ((-28)/(-8) - 3)*0. Suppose -3*z + 29 + 97 = 0. Suppose 3*d - z = -p*d. What are the prime factors of d?
2, 7
Let i be (-8)/(-10)*(-20)/8. What are the prime factors of (13/i)/((-1)/2)?
13
Let y = -5 + 5. What are the prime factors of 18 + 1/(-3)*y?
2, 3
Suppose 5*d + 2*k = -3, 3*d + k = 5*k + 19. What are the prime factors of ((-12)/(-18))/(d/18)?
2, 3
Let i be -6 - 1/((-2)/4). Let a be (-2)/i*(-12 + -2). Let p(w) = w**2 + 6*w + 1. List the prime factors of p(a).
2
Let l(i) be the first derivative of -i**6/120 + 2*i**5/15 + 4*i**3/3 + 3*i**2/2 + 4. Let m(p) be the second derivative of l(p). List the prime factors of m(8).
2
Let m be (4/(-6))/(4/6). Let u = m + 3. Suppose 0 = -2*h + 2 + u. What are the prime factors of h?
2
Let n(v) = -v**3 + 11*v**2 + 13*v - 11. Let f be n(12). Let t(h) = 10*h**2 + 1. What are the prime factors of t(f)?
11
Let l(h) = -5*h + 23. What are the prime factors of l(-12)?
83
Let g(b) = 2*b - 10. Let d be g(6). Suppose -d*s - 3*o + 40 + 55 = 0, 0 = -3*s + 3*o + 105. List the prime factors of s.
2, 5
Let i be -2*1*(-6)/(-4). List the prime factors of (11 - -2)*i/(-3).
13
Suppose 5*m - 5*y - 1750 = 0, -1635 = -4*m - y - 230. What are the prime factors of m?
3, 13
Let g = -13 + 18. Let j = 8 + -6. Suppose 0 = g*t - 25, -j*s - 5 = s - 4*t. What are the prime factors of s?
5
Suppose -k + 4*k = 0. Suppose 3*t + 34 - 139 = k. List the prime factors of t.
5, 7
Let j = -24 - -2. List the prime factors of 2/(-4)*2*j.
2, 11
Let y be (-6)/(-5)*40/6. What are the prime factors of (-6)/y + 57/12?
2
Let j be (-12)/((-3)/((-15)/(-2))). Suppose 4*a + 5*s - j - 19 = 0, 4*a - 4*s = 4. What are the prime factors of a?
2, 3
Suppose 31 = 2*z - 5*d, -4*z - d - d = -122. List the prime factors of z.
2, 7
Suppose 2*b = -5 - 1. Let w(s) = -s**3 - 3*s**2 + 3. Let v be w(b). Suppose -m = 0, -24 = -v*n - 3*m + 6*m. List the prime factors of n.
2
Let w = 1 + -2. What are the prime factors of 29 - -1*(-4)/w?
3, 11
Suppose -4*z = 4*v - 2*v - 146, v - 5*z = 59. What are the prime factors of v?
3, 23
Let f(m) = 7*m + 1. Let t = -3 - 2. Let w = -4 - t. List the prime factors of f(w).
2
Suppose -4 - 1 = -5*x. What are the prime factors of (4/8)/(x/34)?
17
Suppose 3*d - 5 = -2*d + 3*y, -2*d = 4*y - 28. Suppose -2*n + 2*s = -68, d*n - 5*s = 34 + 106. List the prime factors of n.
2, 3, 5
Let p(z) = 3*z**2 - 3*z - 5. Let j be p(5). Let c be (j - -1)*3/6. Suppose -c = -3*i - w + 4, w + 34 = 3*i. List the prime factors of i.
11
Let o(s) = 2*s + 3. Let j be o(-2). Let m be 1/(2/j)*-2. Suppose -m - 7 = -r. List the prime factors of r.
2
Let i(g) = 2*g. Let o be i(1). Suppose o*j - 81 = -j. List the prime factors of j.
3
Let y(v) = v**3 - 7*v**2 + 6*v + 4. Let l be y(6). Let r(u) = u - 2. Let s be r(l). Suppose f + 13 = 3*k, k + s*k - 3*f - 9 = 0. List the prime factors of k.
5
Let t be (-1)/(5/98)*5. List the prime factors of t/(-8) + (-2)/8.
2, 3
Let m(a) be the third derivative of -a**5/60 - 5*a**4/24 + 4*a**3/3 + 2*a**2. Let s be m(-6). Suppose s*h - 24 = 10. List the prime factors of h.
17
Suppose 4*r + r = 2*y + 71, 4*y = 2*r - 166. Let i = 18 + y. What are the prime factors of (-1 - 1 - i) + -2?
3, 7
Suppose 7*q = 11*q - 404. What are the prime factors of q?
101
Let d(t) be the second derivative of -4/3*t**3 + 0 - 5/2*t**2 + 3*t + 1/12*t**4. What are the prime factors of d(9)?
2
Let t(u) = -u**3 + u**2 - u + 5. Let v be (0*3/(-9))/2. List the prime factors of t(v).
5
Let j(w) = 2*w + 4. Let u be j(0). Suppose -4*y = u*a - 56, -a + 0 - 46 = -4*y. List the prime factors of y.
2, 3
Suppose -12*d = -9*d - 15. Suppose 5*y + 10 = -d*u, 25 = 4*y - 4*u + 1. What are the prime factors of y?
2
Suppose -m - 3*m = -4. Let z = m + 2. Suppose 0 = z*s - 8 - 7. What are the prime factors of s?
5
Let k = 7 + -13. List the prime factors of k*(-6)/3*1.
2, 3
Suppose 5*w - 2*c - 2*c - 116 = 0, -36 = -w + 4*c. List the prime factors of w.
2, 5
Suppose 2*t + 12 = -2*t. Let w be (1/t)/((-2)/30). Suppose 4*k - 4*h - 76 = 0, -2*k = -w*h + 2 - 49. List the prime factors of k.
2
Let p = -39 - -63. Suppose 5*l + 18 = o, 3*o = 2*l + 3*l + p. Suppose -20 = -o*d - d. List the prime factors of d.
5
Let j be ((-2)/1)/(3/6). Let v = j - -6. What are the prime factors of v?
2
Suppose n = 2*n. Let x(q) = -q**2 + q + 10. List the prime factors of x(n).
2, 5
Suppose -16 = 3*r + 2. Let t be (r/(-9))/((-2)/(-12)). Suppose -t*b = -2*q + 10, 0*q - 3*q + 3*b = -15. List the prime factors of q.
5
Let r(f) = -f**2 - 3*f - 1. Let m be r(-5). List the prime factors of (m*4)/2*-1.
2, 11
Let g = -161 + 266. What are the prime factors of g?
3, 5, 7
Let v = 68 + -39. What are the prime factors of v?
29
Let b(h) = 4*h**2 - 25*h - 13. Let d(z) = z**2 - 8*z - 4. Let n(v) = 2*b(v) - 7*d(v). Let q be n(-8). Suppose 3*m + q = 51. List the prime factors of m.
11
Let y be (0 + (-24)/9)*36. Let f = y + 134. What are the prime factors of f?
2, 19
Let w be 275/(-22)*(-324)/5. List the prime factors of 6/(-15) - w/(-25).
2
Suppose 0*y - 3*y + 3 = 5*w, -w + 7 = -y. Suppose 5*p = 6*o - 4*o + 135, 5*o = -w*p + 81. List the prime factors of p.
3
Let g(r) = r + 3. Let d be g(-7). Let u = 12 - d. List the prime factors of u.
2
Let o(t) = 24*t**2 + t - 2. What are the prime factors of o(-3)?
211
Let x(s) = 2 - s**2 + 24*s - 18*s + 3*s**2. List the prime factors of x(-4).
2, 5
List the prime factors of (12/9)/(2/177).
2, 59
Let w = -8 + 13. Suppose -9 = -y + t - 0*t, 4*t = -16. Suppose -3*h + 5*p = -2, y*h - w*p + 0 - 20 = 0. List the prime factors of h.
3
Suppose -3*q - 3 = -0*q. Let h be ((-16)/(-4))/(q + 2). Suppose -h*z - 3*w = -19, -9 = -3*z + w + 2. What are the prime